0
6 - (-7 - (1 + -12))
2
Evaluate (5 - 4 - 1) + 3.
3
What is the value of (4 - 8) + 6 - 7?
-5
Calculate -10 - (-4 - -12 - 15).
-3
-2 - (-4 + -5) - 3
4
What is -8 - -3 - (-7 - -7)?
-5
What is -7 + -1 + (8 - 2)?
-2
(1 - -6) + (-2 - 3)
2
Evaluate 4 - -2 - (12 - 6).
0
Calculate -9 + 8 + 12 + -4.
7
Calculate -3 + 0 - (5 - (2 + 5)).
-1
What is the value of -3 + (4 + -5 - -10)?
6
What is the value of 0 - -3 - (-50 - -53)?
0
Evaluate (1 - 1) + 3 + -16 + 10.
-3
Calculate -2 + 2 + -2 + (8 - 4).
2
What is (5 - 1 - 9) + -1 + 5?
-1
What is the value of -12 + (-1 - -2) - -6?
-5
Evaluate -9 - (4 + -1 + -10) - -1.
-1
Evaluate 0 + -3 + (-1 - -3 - 4).
-5
What is -6 + (4 + 2 - 6) - -8?
2
What is the value of -5 + (4 - 1) + (-2 - 0)?
-4
7 - 12 - (-10 - (-3 + -3))
-1
Calculate 4 + -9 + (13 - 7).
1
What is (18 - (1 - -10)) + -11?
-4
What is the value of -3 - -2 - -2 - 4?
-3
What is -1 + (-10 - -4) + 6 + 3?
2
Evaluate (-8 - 0) + -6 + -7 + 12.
-9
Calculate 2 - (4 - (5 + -3)).
0
(6 - 0 - 7) + 3
2
-7 - -3 - (-8 - -4) - 4
-4
What is -7 - ((-4 - -6) + (-8 - -5))?
-6
Evaluate -2 - (0 - 1 - 3).
2
-10 + (-8 - (-16 + -7))
5
What is the value of 5 + 1 + 1 + (-6 - -2)?
3
(8 + -3 - -7 - 5) + -4
3
Calculate 0 - 3 - (-11 + 7).
1
Evaluate (-5 - -1) + (-5 - (5 - 16)).
2
-3 - -5 - 1 - 0
1
Calculate (-7 - -16) + (-13 - -14).
10
Evaluate 5 + -5 + 2 + -1.
1
What is 10 + (10 - 24 - 0)?
-4
Calculate (1 - (3 + 3)) + 5.
0
What is the value of -6 - -5 - (3 + (2 - 1))?
-5
-3 - (3 - (-4 - -6))
-4
Evaluate -20 - (-2 - (7 + 3)).
-8
What is the value of 2 + (-3 - (-2 - -1) - 4)?
-4
What is the value of (1 - 5) + (-10 - -11)?
-3
Evaluate -1 + (2 - 4) + (1 - -1).
-1
Calculate -13 + 14 + (1 - 4) + 5.
3
What is the value of 5 + -5 + -4 + -1 + 7?
2
What is 0 + -4 - (-2 + 3)?
-5
What is the value of 1 - (0 - (-4 - -7))?
4
What is 6 - -1 - 5 - (4 + -1)?
-1
What is the value of -3 + (-1 + 5 - (10 + -4))?
-5
What is the value of 8 - 4 - 8 - -4?
0
Evaluate -3 - 0 - (-3 + 5).
-5
What is 8 + -3 - (-3 + 12)?
-4
Calculate -2 - (4 + 6 + -3 + -7).
-2
What is the value of 4 - ((1 - 0) + 8)?
-5
Evaluate (7 - -7 - 7 - 8) + 3.
2
What is the value of (-2 - 1) + (0 + 2 - 4)?
-5
Evaluate (-13 - -16) + 0 + 0.
3
What is 9 + -6 + 7 + -6?
4
Evaluate (-5 - -8) + -3 + -5 + 1.
-4
What is 13 + 0 + 10 + -13?
10
What is -2 + (-7 - (-9 + (-2 - -6)))?
-4
What is (-5 - -3) + -3 + 10?
5
(6 - (3 - 1)) + -5 + 5
4
Calculate 5 + (-27 - -25) + 0 + 3.
6
-3 + 2 + -1 + 0 + -2
-4
Calculate -17 + 24 + -5 + -5.
-3
-6 - -1 - (-5 + 2)
-2
What is the value of (0 - 3) + (8 - 13) + 8?
0
What is (6 + -15 - -15) + -7?
-1
-10 + (-47 - -52) + (-1 - -1)
-5
Evaluate 0 - 0 - 3 - (16 - 15).
-4
What is the value of 2 + 4 + -4 + 2?
4
What is the value of -7 + 18 - (-2 - -5)?
8
What is 3 - (9 - (-1 - (-8 - -5)))?
-4
What is (1 + -1 - (42 + -37)) + -1?
-6
Evaluate 6 + -14 + 5 + 9.
6
Evaluate 4 + -6 - (6 - 7).
-1
What is the value of (19 - 15) + 1 + -5?
0
What is -5 - -3 - 2 - (-5 - 1)?
2
Calculate -2 + 3 - 0 - (10 + -15).
6
What is the value of 0 + 2 + (3 - 11 - -3)?
-3
0 + (-3 + 2 - -3 - 6)
-4
Evaluate 3 + 3 + -1 - 3 - -3.
5
What is the value of -3 + (-1 - -6 - -1)?
3
Calculate 1 - 12 - (91 - 105).
3
-6 + 0 + (-6 - -17)
5
Calculate -3 + 0 + (-2 - -8).
3
11 - (-6 - (-17 - -10))
10
What is -3 + (4 - 6) + 9?
4
What is 0 - -7 - (7 + -3 + -1)?
4
2 - ((-1 - -7) + 0)
-4
Calculate 2 - (2 - (-5 - -4)).
-1
What is (-1 + (-3 - 4) - -6) + 5?
3
What is 10 + -11 - (0 + 0 - 6)?
5
What is the value of (3 - 7) + 5 + -5?
-4
What is the value of (38 - 39) + (-1 - (-1 + 0))?
-1
What is 0 - (-5 - (-18 - -12))?
-1
Calculate -1 + 1 - 3 - (-2 - 0).
-1
What is 5 + -6 + -2 - -8?
5
Evaluate 1 - ((5 - 7) + 15 + -6).
-6
Calculate -1 - -3 - (11 + -9 + 0).
0
3 - (4 - (-3 + 4))
0
Calculate -3 + 3 - (-2 - (3 - 0)).
5
What is the value of 0 + -1 - (10 - (-6 - -19))?
2
Calculate -30 - -29 - (1 - 5).
3
Evaluate -2 + (2 + 0 - (2 + -1)).
-1
Calculate (6 - (2 - (0 - 1))) + -3.
0
Calculate -1 + 4 + -4 + -5 + 0.
-6
Evaluate 4 + -2 + (-2 - (10 + -7)).
-3
Evaluate -2 + 0 + (0 - 1) - 1.
-4
What is -1 - 3 - (-19 - -16)?
-1
Evaluate (7 - 5) + -1 - 6.
-5
Evaluate 2 - 6 - -11 - 3.
4
-1 + 3 - -1 - (-133 - -135)
1
Calculate 0 + 5 + (-2 - (-5 - -3)).
5
What is the value of (-1 - 0) + (6 - 9)?
-4
What is (-3 - (7 + -5)) + 9?
4
What is the value of (2 - 0) + 0 + -3 + 2?
1
What is the value of -1 - 0 - -4 - (10 - 8)?
1
-3 + 5 - 11 - (-21 - -21)
-9
6 - 0 - 15 - 1
-10
Evaluate -3 - 5 - -5 - (-7 - -1).
3
What is -2 + 1 + (-11 - (10 + -24))?
2
8 - -1 - (10 + -6) - -4
9
-3 + -5 + 7 + -4
-5
Calculate (-6 - 0) + -40 + 49.
3
Calculate (3 - 4 - 0) + 1 + -3.
-3
What is -2 + 1 - -1 - -4?
4
Calculate 5 + 1 + 3 + 5 + -20.
-6
Evaluate 1 - (2 + -6 - (10 - 15)).
0
-6 - (-1 - (10 + -6))
-1
Calculate (4 - 1) + (101 - 103).
1
(-41 - -46) + -7 + 0
-2
What is 0 + (0 - 2) - (0 + -2)?
0
Calculate (-2 - -4 - 0) + (-2 - 3).
-3
Calculate (0 - -2) + (-8 + 3 - -1).
-2
10 + -1 + -4 + -4
1
What is (-5 - -2) + (6 - (-3 - -1))?
5
Evaluate (6 - 8 - 3) + (0 - -8).
3
Evaluate 7 + (1 + -8 - -3).
3
9 + (-5 - -2) + 0
6
Calculate -1 - ((-4 - -8) + 0) - -3.
-2
0 - (-12 + 6 + 3)
3
Evaluate (-7 - -5) + (-2 - 0) - -5.
1
Calculate -4 - ((-3 - 1) + -5).
5
Evaluate (1 + -1 - (28 - 22)) + 3.
-3
Calculate -3 - (0 - (10 + 0 + -3)).
4
What is 10 + 8 + -7 + -17?
-6
0 + (-7 + 4 - -7 - 3)
1
What is the value of 1 + -2 + (-6 - (3 + -5))?
-5
What is the value of 0 + (3 - 4) + 3?
2
What is 4 - 10 - (0 - 2) - -1?
-3
What is the value of -2 + (0 - -3) - (1 - 0)?
0
What is 3 - (2 + -6 + 11)?
-4
What is the value of 3 - 7 - -11 - 5?
2
What is the value of (8 - 1) + (-3 - 1)?
3
Calculate -2 - (-2 + 4 - 2).
-2
What is (12 - 10) + 4 + -8?
-2
19 - (-9 + (15 - -6))
7
(0 - 3) + 2 + -1 + 2
0
What is the value of -5 + -4 - (-5 + 0)?
-4
15 + -9 + -1 + 2 + -4
3
Calculate -3 + 1 + (7 - 5).
0
What is 0 + -5 + 3 + -3 + 1?
-4
2 + (4 - 9) + 2 + -4
-5
What is the value of (3 + -6 - -9 - 3) + 0?
3
-6 + 1 + -2 + (-57 - -61)
-3
What is the value of 5 + (-4 - 4) - (-1 + -1)?
-1
What is the value of 0 - ((-16 - (-9 - -1)) + 3)?
5
Calculate 1 + (6 - 2) + -3 - -5.
7
Evaluate -8 - (6 + (-17 - -7)).
-4
What is the value of -5 + 8 + (-1 - 1)?
1
What is (4 - 3) + (4 - 7)?
-2
What is the value of -3 - (-6 + (-1 - 0)) - -6?
10
Calculate (2 - 5) + -12 + 18 + -5.
-2
6 - 19 - (-17 + 10)
-6
(-7 - (2 - 7 - 2)) + 1
1
Evaluate (12 - 12) + (-4 - -2).
-2
What is -2 - 7 - (-9 - -7)?
-7
5 - (-3 + -5 + 12)
1
Evaluate 5 - (1 - (4 - 3)).
5
Evaluate (-10 - -13 - -2) + (-3 - -1).
3
0 + 3 + 1 - 2 - -2
4
-4 - (0 - (1 + 0 - -3))
0
-1 + (-5 + 3 - -4) - -3
4
What is 3 + -4 - (-3 - 0)?
2
Calculate (-5 - ((-4 - 1) + 2)) + 2.
0
Calculate (5 - 8) + (3 - 3 - 2).
-5
-2 + 1 + 3 + -6 + 3
-1
-3 + (5 + -1 - (2 - 2))
1
Calculate 0 - (4 - 8 - -3).
1
-2 - (-2 + 1 - 1)
0
Calculate 7 - (4 - 0) - 2.
1
Evaluate -8 - (-2 - 5 - -3).
-4
Calculate (2 - -3) + -7 + (-4 - 0).
-6
Evaluate (8 - -5 - 7) + -5.
1
What is the value of -13 - -9 - (-5 - -1)?
0
Evaluate 3 + 2 + (6 - 1) + -5.
5
Evaluate 2 - (-3 + -1 + 5).
1
What is the value of 3 + 0 + -8 + -6?
-11
Calculate (1 - (1 - 0)) + 5.
5
Calculate 1 - -10 - (-80 + 87).
4
Calculate -1 - 1 - (17 + -25).
6
Calculate (49 - 49) + 1 + -7.
-6
What is 0 + 4 + 4 + (-2 - 2)?
4
What is the value of -1 - (-3 + (3 - 0)) - -2?
1
What is 0 - (-5 + 5 - 5 - -3)?
2
What is -10 - -5 - (4 - 9 - 7)?
7
Evaluate -1 + 4 + -5 + (6 - 3).
1
0 + -9 + (32 - 30)
-7
Evaluate (0 - -9) + 2 + 1 + -8.
4
Evaluate 0 - (0 + -2 - (0 + -4)).
-2
What is the value of 3 + 1 + -3 - (-2 - -6)?
-3
What is -3 - (10 + -7 + -3 + 1)?
-4
(8 - (-6 - -19)) + -1 + 10
4
20 + (-10 - (9 - 7))
8
Evaluate -3 - (-17 - -9) - 3.
2
Calculate 8 - (-2 + (1 - -5)).
4
Evaluate -4 - (2 + -6) - (1 + 3).
-4
What is the value of 8 + -5 - -3 - 1?
5
(0 - (-2 - 0)) + 9 + -6
5
What is the value of 8 - -1 - 6 - 5?
-2
-2 + 2 + 19 + -20
-1
Evaluate 12 + 3 - (3 + 5 + -3).
10
What is -7 - (-3 + -2 + -2)?
0
-5 - (4 + -7 - 1)
-1
What is the value of -96 + 99 + (-5 - 1)?
-3
What is 12 + -21 + -13 + 14?
-8
What is 4 + 3 + 1 + -1?
7
What is (-4 - 0) + 3 + -1?
-2
What is the value of (0 - (6 + (-2 - 2))) + 4?
2
Evaluate -5 + 5 + 0 + -8.
-8
Calculate 5 - (9 + 5) - -8.
-1
What is 1 + 1 + (1 + 1 - 2)?
2
What is the value of (3 + -2 - 4) + -3 + 1?
-5
Evaluate -10 + 21 + -8 - 6.